 16?
16
Calculate the greatest common divisor of 77104 and 175696.
1264
What is the greatest common divisor of 32 and 8744?
8
Calculate the highest common divisor of 325479 and 3003.
231
Calculate the greatest common factor of 197344 and 224.
224
What is the highest common factor of 22195 and 40?
5
Calculate the highest common divisor of 26 and 1112.
2
What is the highest common divisor of 4 and 436?
4
What is the greatest common factor of 4525 and 43078?
181
What is the greatest common factor of 75 and 65675?
25
Calculate the highest common divisor of 966 and 1278.
6
Calculate the greatest common divisor of 128 and 8728.
8
What is the greatest common divisor of 77099 and 688?
43
Calculate the greatest common divisor of 1280 and 240960.
320
What is the greatest common divisor of 4 and 3472792?
4
Calculate the highest common factor of 64 and 378128.
16
Calculate the highest common divisor of 228267 and 39.
39
Calculate the greatest common factor of 12846 and 4.
2
What is the highest common divisor of 4 and 9289?
1
Calculate the greatest common factor of 112762 and 182.
26
What is the greatest common factor of 2139 and 5106?
69
Calculate the highest common divisor of 3450 and 215550.
150
Calculate the greatest common divisor of 2116 and 218.
2
What is the greatest common divisor of 58932 and 44?
4
Calculate the greatest common factor of 1853 and 2227.
17
What is the highest common factor of 716 and 746072?
716
Calculate the greatest common factor of 16 and 10862.
2
What is the greatest common factor of 115 and 18929?
23
Calculate the highest common factor of 756 and 434007.
63
What is the greatest common factor of 962241 and 147?
21
Calculate the greatest common divisor of 567 and 26208.
63
What is the greatest common factor of 621 and 66366?
27
Calculate the highest common divisor of 16784 and 1584.
16
Calculate the greatest common divisor of 299962 and 169.
13
What is the greatest common factor of 110551 and 136?
17
Calculate the greatest common factor of 28558 and 82399.
131
What is the greatest common factor of 10032 and 323?
19
What is the highest common divisor of 51 and 537?
3
Calculate the greatest common divisor of 59285 and 1420.
355
Calculate the greatest common factor of 128502 and 64782.
1062
Calculate the highest common factor of 566160 and 2520.
840
What is the highest common divisor of 1063467 and 6?
3
Calculate the highest common factor of 28388 and 11938.
94
Calculate the highest common factor of 2030444 and 8.
4
Calculate the highest common factor of 1573048 and 524.
524
Calculate the greatest common divisor of 588 and 29351.
49
Calculate the highest common divisor of 1222 and 62134.
94
Calculate the greatest common divisor of 2378475 and 990.
495
What is the highest common factor of 34 and 2754?
34
Calculate the greatest common factor of 58275 and 222.
111
Calculate the highest common divisor of 6816 and 57297.
213
Calculate the highest common divisor of 111 and 213527.
37
Calculate the highest common factor of 71 and 68799.
71
What is the highest common factor of 8253 and 50841?
63
Calculate the highest common factor of 136724 and 532.
532
Calculate the greatest common factor of 19344 and 16176.
48
What is the greatest common factor of 4471 and 1841?
263
Calculate the highest common divisor of 44 and 21956.
44
What is the greatest common divisor of 18 and 458442?
18
What is the highest common factor of 415860 and 2629?
239
What is the greatest common factor of 70 and 2018730?
70
Calculate the highest common divisor of 6777 and 162.
27
Calculate the highest common divisor of 387504 and 7774.
598
What is the highest common divisor of 715485 and 15?
15
What is the greatest common factor of 111600 and 1008?
144
What is the highest common divisor of 110 and 112640?
110
What is the highest common factor of 6 and 1581?
3
What is the greatest common factor of 40 and 85112?
8
Calculate the highest common divisor of 52893 and 6.
3
What is the highest common divisor of 20661 and 1491?
213
What is the highest common factor of 73010 and 1435?
35
Calculate the greatest common divisor of 684 and 38228.
76
What is the highest common divisor of 234 and 6539?
13
Calculate the highest common divisor of 555845 and 285.
95
What is the highest common factor of 6 and 18124?
2
What is the highest common factor of 55 and 143595?
5
Calculate the greatest common divisor of 1508 and 70694.
26
What is the highest common divisor of 30463 and 82?
41
What is the highest common divisor of 638 and 594?
22
Calculate the highest common divisor of 703 and 59200.
37
What is the highest common factor of 346 and 60031?
173
What is the greatest common divisor of 423 and 72521?
47
Calculate the highest common divisor of 6412 and 4648.
28
Calculate the highest common factor of 9728 and 646.
38
Calculate the greatest common factor of 35 and 47980.
5
Calculate the greatest common divisor of 473 and 2513.
1
What is the highest common factor of 9720 and 17415?
405
What is the highest common factor of 530 and 1150?
10
What is the greatest common divisor of 170800 and 24?
8
Calculate the highest common factor of 14406 and 9.
3
What is the greatest common divisor of 4020185 and 974?
487
Calculate the highest common factor of 278576 and 176.
16
What is the greatest common divisor of 21979 and 403?
31
What is the highest common factor of 482183 and 6032?
377
Calculate the highest common factor of 7356 and 2136.
12
What is the highest common divisor of 13213 and 96654?
181
What is the highest common factor of 10976 and 2624?
32
What is the greatest common divisor of 2924510 and 34?
34
What is the highest common factor of 370 and 2583710?
370
Calculate the highest common factor of 9 and 1244.
1
What is the highest common factor of 74830 and 20930?
70
What is the greatest common factor of 22886 and 2?
2
Calculate the highest common factor of 1120 and 2104928.
224
What is the highest common factor of 77264 and 32?
16
Calculate the greatest common factor of 4043804 and 267.
89
What is the greatest common factor of 16 and 454544?
16
What is the greatest common factor of 184 and 29578?
46
Calculate the greatest common divisor of 221286 and 468.
78
Calculate the greatest common divisor of 12707 and 194.
97
Calculate the highest common factor of 531 and 7191.
9
Calculate the highest common divisor of 1720 and 21640.
40
What is the highest common divisor of 12 and 291948?
12
What is the greatest common divisor of 2268 and 14013?
81
What is the highest common factor of 88 and 9496?
8
What is the greatest common divisor of 107270 and 255?
85
Calculate the greatest common divisor of 4 and 1795228.
4
Calculate the highest common divisor of 209 and 199177.
209
Calculate the greatest common divisor of 118 and 28615.
59
What is the greatest common factor of 29016 and 624?
312
Calculate the highest common factor of 2430 and 12690.
270
What is the highest common divisor of 395728 and 64?
16
What is the highest common divisor of 122711 and 7088?
443
What is the highest common factor of 18 and 33543?
9
What is the highest common divisor of 5 and 37055?
5
What is the highest common factor of 916 and 70990?
458
Calculate the highest common divisor of 16559676 and 252.
252
What is the highest common divisor of 99584 and 12032?
256
Calculate the highest common factor of 297 and 1922481.
297
Calculate the highest common divisor of 33 and 272063.
11
What is the highest common factor of 152 and 95256?
8
Calculate the highest common divisor of 2332 and 478908.
212
Calculate the highest common divisor of 377375 and 125.
125
Calculate the highest common divisor of 575380 and 520.
260
Calculate the greatest common factor of 85 and 120100.
5
Calculate the greatest common factor of 2472 and 875706.
618
Calculate the greatest common factor of 365826 and 3.
3
Calculate the greatest common factor of 7 and 11963.
7
Calculate the greatest common factor of 2618780 and 40.
20
What is the greatest common divisor of 3197 and 200021?
139
What is the highest common factor of 111 and 3356048?
37
What is the greatest common factor of 43350 and 300?
150
Calculate the greatest common factor of 149852 and 4.
4
What is the highest common factor of 438 and 423546?
438
What is the greatest common divisor of 49 and 73451?
4